of 1220 and 67180?
20
What is the highest common factor of 1575 and 38997?
63
Calculate the greatest common factor of 28284 and 24.
12
Calculate the highest common factor of 616263 and 15.
3
Calculate the greatest common divisor of 22140 and 6075.
135
What is the greatest common factor of 17370 and 24870?
30
What is the greatest common factor of 15515 and 31244?
107
What is the highest common divisor of 305 and 206485?
305
Calculate the greatest common factor of 2601 and 45.
9
Calculate the highest common factor of 4630 and 15.
5
What is the highest common factor of 602895 and 15?
15
What is the highest common factor of 42 and 43386?
42
What is the greatest common factor of 83015 and 20?
5
What is the highest common divisor of 20806 and 2222?
202
Calculate the greatest common factor of 332 and 235222.
166
What is the highest common divisor of 58 and 2564528?
58
What is the highest common divisor of 8967 and 84?
21
Calculate the highest common factor of 39565 and 1394.
41
What is the highest common divisor of 4428 and 27798?
246
Calculate the highest common factor of 98842 and 146.
146
Calculate the greatest common divisor of 1939005 and 54.
27
What is the highest common divisor of 17 and 167467?
17
Calculate the highest common divisor of 279 and 15159.
93
Calculate the greatest common factor of 2703696 and 2976.
1488
Calculate the greatest common factor of 79088 and 352.
16
Calculate the greatest common divisor of 11225038 and 604.
302
What is the highest common divisor of 21325 and 446119?
853
What is the highest common divisor of 643 and 15188946?
643
Calculate the greatest common divisor of 164 and 8651.
41
Calculate the greatest common divisor of 138985 and 42.
7
What is the highest common factor of 33 and 11031?
3
What is the highest common divisor of 845 and 3445?
65
What is the greatest common divisor of 395770 and 1710?
190
What is the highest common divisor of 471 and 35639?
157
What is the highest common divisor of 17000 and 8192?
8
What is the greatest common factor of 1267305 and 970?
485
Calculate the highest common divisor of 7 and 5791.
1
What is the highest common divisor of 187760 and 260?
20
Calculate the greatest common factor of 52317 and 9.
9
Calculate the highest common factor of 3749 and 58843.
163
What is the highest common factor of 23 and 723902?
23
What is the greatest common divisor of 8 and 1181024?
8
What is the greatest common divisor of 250580 and 250?
10
What is the highest common factor of 1675 and 34505?
335
Calculate the highest common factor of 2119 and 147026.
163
Calculate the highest common divisor of 60 and 23340.
60
Calculate the highest common divisor of 2200 and 196240.
440
What is the greatest common divisor of 70164 and 180?
36
Calculate the highest common factor of 196 and 1440.
4
Calculate the greatest common factor of 41 and 1824336.
41
What is the greatest common divisor of 2808 and 2824146?
702
Calculate the highest common factor of 5600 and 50925.
175
Calculate the highest common divisor of 2082 and 11520.
6
What is the greatest common divisor of 723688 and 14?
14
Calculate the greatest common divisor of 591982 and 2082.
694
Calculate the highest common divisor of 49166 and 2015.
403
Calculate the greatest common factor of 928 and 3625.
29
What is the greatest common factor of 3038 and 158844?
434
What is the greatest common factor of 1120 and 53830?
70
What is the highest common divisor of 70467 and 28386?
249
Calculate the greatest common divisor of 1682 and 74878.
58
Calculate the greatest common divisor of 20 and 815370.
10
Calculate the greatest common factor of 4620 and 180345.
165
What is the greatest common divisor of 256668 and 16206?
438
Calculate the highest common factor of 1605 and 525.
15
Calculate the greatest common divisor of 300 and 10700.
100
Calculate the greatest common factor of 375 and 10050.
75
What is the greatest common factor of 2715 and 250685?
905
What is the greatest common factor of 3666 and 1937?
13
What is the highest common factor of 165 and 2442?
33
What is the highest common divisor of 98613 and 9?
9
What is the highest common factor of 2100 and 424956?
84
Calculate the greatest common factor of 1900 and 983440.
380
Calculate the highest common factor of 32 and 158864.
16
Calculate the highest common divisor of 1278809 and 21.
7
What is the highest common divisor of 599 and 9961969?
599
Calculate the greatest common factor of 2295220 and 220.
20
Calculate the highest common factor of 175 and 2887780.
35
Calculate the highest common divisor of 4585665 and 1785.
1785
What is the greatest common factor of 944 and 16166?
118
Calculate the highest common divisor of 57 and 3484087.
19
Calculate the greatest common divisor of 5544 and 2310.
462
Calculate the highest common factor of 2685 and 49404.
537
What is the highest common factor of 878 and 16?
2
Calculate the highest common factor of 3830 and 8891345.
1915
What is the greatest common factor of 1026905 and 55?
55
Calculate the highest common factor of 1049797 and 28.
7
Calculate the greatest common factor of 138006 and 306.
306
Calculate the greatest common divisor of 1312 and 242966.
82
Calculate the highest common divisor of 221 and 364.
13
What is the highest common factor of 377 and 234?
13
Calculate the highest common factor of 102595 and 9435.
85
What is the greatest common factor of 39760 and 336?
112
What is the greatest common divisor of 827 and 15189509?
827
What is the greatest common divisor of 144 and 845712?
144
What is the highest common factor of 30358 and 731?
43
Calculate the highest common factor of 1985698 and 16324.
1166
Calculate the highest common divisor of 12462 and 1302.
186
What is the highest common divisor of 2511 and 372?
93
Calculate the greatest common factor of 336 and 86730.
42
What is the greatest common divisor of 429552 and 228?
228
What is the greatest common factor of 1982 and 26?
2
Calculate the greatest common factor of 85 and 2248675.
85
Calculate the highest common divisor of 773062 and 4.
2
Calculate the greatest common divisor of 4193 and 2429.
7
What is the greatest common divisor of 8352720 and 2592?
1296
Calculate the greatest common factor of 532 and 252.
28
Calculate the greatest common factor of 143967 and 222.
111
Calculate the highest common factor of 2088 and 31032.
72
What is the highest common divisor of 240 and 2610?
30
What is the greatest common factor of 1629 and 1098?
9
Calculate the highest common divisor of 60 and 1688320.
20
What is the greatest common divisor of 265 and 187090?
265
What is the highest common divisor of 763 and 203?
7
What is the greatest common factor of 2422 and 15960?
14
Calculate the greatest common factor of 95394 and 7176.
78
Calculate the greatest common divisor of 5166 and 984.
246
What is the greatest common factor of 4284 and 64?
4
What is the highest common factor of 1033210 and 5?
5
What is the highest common divisor of 1456 and 17680?
208
What is the greatest common divisor of 7191 and 4947?
51
Calculate the greatest common divisor of 105 and 300405.
105
What is the highest common divisor of 5989 and 265?
53
Calculate the greatest common divisor of 102032 and 196.
28
Calculate the highest common factor of 547 and 65640.
547
Calculate the highest common divisor of 59728 and 160.
16
What is the greatest common divisor of 91596 and 204?
204
What is the highest common factor of 47722 and 6848?
214
What is the highest common factor of 20334 and 1?
1
Calculate the greatest common divisor of 43199 and 7.
1
What is the highest common factor of 10 and 215040?
10
Calculate the greatest common divisor of 558 and 2382.
6
What is the greatest common divisor of 1053 and 2922309?
117
Calculate the highest common divisor of 2431 and 1521.
13
Calculate the greatest common factor of 27 and 421389.
27
What is the highest common divisor of 2479 and 268?
67
Calculate the highest common divisor of 578 and 806599.
289
Calculate the greatest common divisor of 18 and 126324.
18
Calculate the greatest common factor of 22 and 125.
1
Calculate the greatest common divisor of 1702 and 50024.
74
What is the greatest common factor of 300 and 2125?
25
What is the greatest common factor of 50 and 311?
1
What is the greatest common factor of 210